-5*j + j + 12 = 4*k. Suppose c = 2*n + 3*n - j. Determine y(n).
3
Let b(i) be the first derivative of -i**3/3 - 12*i - 65. Calculate b(0).
-12
Let i(h) = -3*h + 1 + 5*h - 5*h - h**2. Let c be (-111)/21 + 2/7. Calculate i(c).
-9
Suppose 2*t - 3*v = -4, 2*v - 6*v = 5*t + 10. Let m(a) = a**3 + 2*a**2 + 1. Determine m(t).
1
Let q be ((-1)/(-3) - 0)*3. Let f = q - -2. Let p(v) = -4 - 4*v + f*v + 0*v. Calculate p(-5).
1
Suppose -3*d = -d + 4. Let a be -2 + 4 + -3 + d. Let p(o) = 2*o + 3. What is p(a)?
-3
Let g(v) = -4 + 2*v - 14*v**3 - 3*v**2 - 2*v**2 + 15*v**3. Let r = 1 - -4. What is g(r)?
6
Let t(g) = -7*g - 2. Let m = 71 - 75. Give t(m).
26
Suppose -1 = -d, -4*r - 2*d = 30 - 8. Let z(v) be the second derivative of 5*v**3/2 - 3*v**2 - v. Let w(l) = l - 1. Let u(k) = r*w(k) + z(k). What is u(-1)?
-9
Let u(a) be the second derivative of a**5/20 + a**4/12 + 3*a**2/2 + 2*a. Suppose -z + 4 = 3*g - 0, 0 = -5*g - 3*z + 12. Determine u(g).
3
Let u(h) = -h**2 - 2*h. Let t be 1/(-4) + 27/12. Suppose 3*a + 2 = t*a. Let b be u(a). Let s(w) = -w - 6. What is s(b)?
-6
Let j(k) = -k. Let d(i) = -15*i. Let u(w) = d(w) - 4*j(w). Determine u(-1).
11
Let p(a) = -5*a - a**2 + 3 + 4*a - 2*a**2 - a**2. Let z(j) = -5*j**2 - 2*j + 4. Let f(m) = 4*p(m) - 3*z(m). Calculate f(2).
0
Let v(r) = -3*r - 6 + r - 3. What is v(-6)?
3
Let q(s) = s**3 - s**2 - 3*s. Let x be 1/4 + 14/8. Suppose 1 = -b - 2*b + x*v, -5*b = -3*v. What is q(b)?
9
Suppose -x + 2*k - 10 = -3*x, 0 = x - k - 3. Let t(m) = -m**2 + 4*m - 1. Calculate t(x).
-1
Suppose 2*n - 2 + 12 = 4*k, 4*k - 6 = -2*n. Let h(l) = l + 0*l + 2 - l**3 - l**2 + 0*l. Calculate h(k).
-8
Let y(p) = 1 + 4*p + 0*p - 2*p. What is y(-2)?
-3
Let k be -1 - -1 - (0 + -4). Let p(l) = l - 8. Let t(r) be the second derivative of -r**3/3 + 15*r**2/2 - 3*r. Let c(h) = -11*p(h) - 6*t(h). What is c(k)?
2
Let b(n) = -n + 5. Suppose 2*d = d + 3. Let p = d + -7. Let g = p + 4. Give b(g).
5
Let m = -9 + 9. Suppose 2*z + 1 - 15 = -3*x, m = -3*z + 12. Let f(t) = 0 + 2*t**2 + 6 - 3*t**x. What is f(0)?
6
Suppose -5 = 5*k - 3*j + 12, -13 = 3*k + j. Suppose -5*l + 2*z + 6 = -14, 13 = -l - 3*z. Let m(r) = r**3 - 15 - 2*r**3 - 3*r**l + 15 + 5*r. Determine m(k).
-4
Let m(l) = -3*l**2 + l - 9. Let f(q) = q**2 + q + 2. Let s(o) = -2*f(o) - m(o). What is s(5)?
15
Let m(d) = d**3 + d**2 - d. Let t(w) = 5*w**3 + 12*w**2 - 4*w - 4. Let y(x) = 6*m(x) - t(x). Suppose -9 = -4*b + 3*l, -2*l - 3*l + 37 = 2*b. Calculate y(b).
-8
Let s be 0 - -3 - (0 + -2). Let y(o) = -o**2 + 5*o + 3. Give y(s).
3
Let f(j) be the third derivative of -j**6/120 + j**3/6 + 24*j**2. Determine f(1).
0
Suppose 0 = 3*w - 0*w. Let z(p) = p - 6. What is z(w)?
-6
Let u(t) = t. Let h(k) = -k - 1. Let v(x) = -x**3 - 2. Let p be v(-2). Let a = -2 + p. Let n(d) = a*h(d) + 5*u(d). Calculate n(2).
-2
Let j(w) = -w**3 + 2*w**2 + 9*w - 3. Let a be j(4). Let s(r) = 1. Let z(n) = -8*n + 4. Let v(f) = -3*s(f) + z(f). Give v(a).
-7
Let g(m) = m**3 + 4*m**2 + 3*m. Let c be 3/3 + -2 - -2. Let h(d) be the first derivative of -d**3 + d**2 - d - 4. Let y be h(c). Calculate g(y).
2
Suppose -10 = -3*x + 13*x. Let z(d) = 9*d**2 + 1. What is z(x)?
10
Let k be ((-6)/1)/(3/(-4)). Suppose -2*q + 0 + k = 0. Let z(j) = 1 + 2*j - j**3 + 3*j**2 + 1 + 0*j. What is z(q)?
-6
Let f(n) be the first derivative of n**5/10 - n**3/6 + n**2/2 - 1. Let k(v) be the second derivative of f(v). Calculate k(1).
5
Let o(j) = -j**2 + 3. Let u = 11 + -14. Give o(u).
-6
Let m(t) be the first derivative of -t**3/3 - t**2/2 + 2*t - 2. Let j(v) be the third derivative of -v**5/60 + v**2. Let z be j(0). Give m(z).
2
Let i = 2 + -2. Suppose i = -4*r + r + 6. Let a(s) = 2*s + 1. Let m(n) = -10*n - 4. Let j(d) = 14*a(d) + 3*m(d). Calculate j(r).
-2
Let k(b) = -2*b - 13. Suppose -3*v - 31 = -4*j, 5*j = 5*v + 31 + 14. Let g(d) = 2*d + 12. Let r(n) = j*k(n) + 5*g(n). Determine r(-6).
-4
Let s(m) be the third derivative of -11*m**4/24 - m**3/3 + 13*m**2. Determine s(-2).
20
Let q = -49 + 47. Let t(d) = 1. Let o(b) = 2*b - 12. Let v(p) = -o(p) - 10*t(p). Determine v(q).
6
Suppose 4*a = -w + 17, 5*a + 5 + 5 = 0. Suppose -j + 15 = 2*j, 4*t + 5*j - w = 0. Let y(l) = 4 - 2 + l**3 + l**2 - l + 0*l. Give y(t).
2
Let l(a) = a - 7. Let z be l(9). Let v(o) = 4 + z - 5. Let g(m) = -m**2 + 4*m. Let x(w) = g(w) + 3*v(w). Determine x(5).
-2
Let y(t) be the second derivative of -t**3/2 - t**2 + 3*t. Calculate y(4).
-14
Suppose 5*t + 3*g = -14, 5*g - 4 = -19. Let x(h) = 16*h**3 - 2*h**2 + 1. Give x(t).
-17
Let v(s) = 3*s**2 - 2*s - 1. Suppose 0 = k - 3*n + 12, 5*k = 5*n - n - 16. Suppose -3*t - t + 8 = k. Let f be 0 - 0 - (-1 + t). Calculate v(f).
4
Let b(l) be the first derivative of 1/2*l**2 + 3 - l. Calculate b(2).
1
Let u = -12 + 38. Suppose -5*c + 3*l = 6 + u, -l = c. Let k(t) = -2*t - 2. Determine k(c).
6
Let p(h) = -2*h + h**2 - 102 + 100 + 3*h. Give p(-3).
4
Suppose -3*c + 1 = 2*w, 0 = -c - 5*w - 0*w + 22. Let z(m) = m - 2. What is z(c)?
-5
Let d = -1 + 3. Let p = 5 - 3. Let h(m) = -2*m + p - m + m. What is h(d)?
-2
Let i = 7 - 7. Let z be i + -3 - (3 + -7). Let n(t) = 2*t**3 - 2*t**2 + 1. Give n(z).
1
Let x(n) = n - 1. Let q(c) = -3*c + 4. Let f(o) = q(o) + 2*x(o). Let i be ((-12)/(-14))/(2/14). Determine f(i).
-4
Let f = 78 + -80. Let d(t) be the second derivative of -t**3/6 - 2*t**2 + t. Determine d(f).
-2
Let u(v) = 2*v - 4. Let l(p) = 2*p - 5. Let i(q) = 2*l(q) - 3*u(q). Give i(6).
-10
Suppose 17*p - 15*p + 18 = 0. Let t(w) = -w**2 - 7*w + 8. Give t(p).
-10
Suppose -5*z + p = -13, 5*z - 4*p + 4 = 26. Let n(h) be the first derivative of 1/4*h**4 - 3 + h - 7/2*h**z - 4/3*h**3. Calculate n(5).
-9
Suppose x + 25 = 5*z, -z - x + 4*x = 9. Let r(g) = -g + 2. Give r(z).
-4
Suppose -4*v + s + 18 = 0, -4*s - 16 = 3*v - 5*v. Let r(q) = v*q + q + q**2 - q - q. Calculate r(-3).
0
Let l(r) = -11*r + 5. Let a(s) = -2*s + 1. Let u(c) = -34*a(c) + 6*l(c). Calculate u(3).
2
Let g = -2 + 4. Let x(c) = 2*c + c**3 - 4*c**2 + 0*c + g*c - 3*c + 3. What is x(3)?
-3
Let s(h) = -h**3 + h**2 + h + 1. Let w(b) = -4*b**3 + 2*b**2 + 9*b + 6. Let z(k) = 6*s(k) - w(k). What is z(2)?
-6
Let f(v) = -v**2 - v - 1. Let y(u) = 6*u**2 + 8*u + 7. Let h(z) = -5*f(z) - y(z). Let t be 21/(-5) - (-4)/20. Give h(t).
-6
Let v(z) = 4*z + z**2 - 11 - 5*z + 8. Give v(-3).
9
Suppose 5*r = -o - 8, -3*r - 3*o - 11 = -r. Let l(y) = -y + 1. What is l(r)?
2
Let a(m) = -5*m**3 + m**2 - m - 1. Let k(i) = -2*i + i + 2*i. Let t = 1 + -2. Let v be k(t). What is a(v)?
6
Let y = -98 + 103. Let k(b) = -11*b - 3. Let g(q) = -5*q - 1. Let h(i) = 5*g(i) - 2*k(i). Determine h(y).
-14
Let f(i) = -7*i + 15*i - 10*i. What is f(-3)?
6
Let y(i) = -14*i - 2. Let o(a) = 7*a + 1. Let d(b) = 5*o(b) + 3*y(b). What is d(3)?
-22
Let i(s) be the first derivative of s**5/40 - s**4/24 + s**3 - 2. Let l(q) be the third derivative of i(q). Let j be l(2). Let w(c) = -c + 4. Give w(j).
-1
Let o = 15 - 14. Suppose w = 4*w - 6. Suppose 0 = w*s + 5 - o. Let g(v) = 2*v**2 + 2*v + 1. Determine g(s).
5
Let a(m) = -4*m**2 - 3 - 4*m**2 + 6*m - 3*m. Let d(r) = 3*r + 3. Let f be d(-2). Let n(x) = 15*x**2 - 5*x + 5. Let j(b) = f*n(b) - 5*a(b). Determine j(-1).
-5
Let m be (-6)/7*14/(-1). Let j(n) = -n + 2. Let c be j(0). Suppose 0 = c*p + p + m. Let q(a) = a**2 + 4*a + 2. Determine q(p).
2
Let k(j) be the third derivative of j**5/60 + j**4/6 - j**3 - 2*j**2. Suppose -2*c - 2*c = 24. Determine k(c).
6
Suppose 3*s - 8 = 4*f, s + s + 3*f + 23 = 0. Let b = 41 - 13. Let n(y) = b - 10 + 3*y - 7 - 9 - y**3 - 4*y**2. Calculate n(s).
-10
Let d(b) = 2 - b**2 + b + 3 - 2*b**3 + b**3. Let o be (-4)/16 + (-21)/(-4). Suppose o*z = 2*v, -3*v - 2*z - z = 0. What is d(v)?
5
Let j(f) be the first derivative of f**4/4 + 8*f**3/3 + 5*f**2/2 - 10*f + 5. What is j(-7)?
4
Let z = -5 - -3. Suppose 2*c = -2*g + 4, 2*g - 4 = c + 4*c. Let m(a) = -a - 2 - 6 + 6 - a**3 + c*a**3. Determine m(z).
8
Let b(i) = -11*i**3 - 2*i + 2. Let j(u) = 23*u**3 + 5*u - 5. Let m(w) = -7*b(w) - 3*j(w). Suppose -2 + 6 = 4*q. Give m(q).
8
Let u(d) = -3*d + 4. Suppose 0 = -2*s + 4*x + 126, 2*x - 3*x + 51 = s. Let g = -36 + s. Suppose -g = -5*k + 1. Give u(k).
-8
Let k(x) = x**2 + x - 1. Let j = 1 - 2. Let s = -4 - j. Let u = 2 + s. Determine k(u).
-1
Let v(z) = -z. Let m(g) = -g**2 + 2*g. Let f(t)